*j. What is the remainder when 119 is divided by d?
59
Let y = 567 - 564. Let v be (19 + 1*-2)*3. Suppose 0 = -0*g + y*g - v. Calculate the remainder when 67 is divided by g.
16
Suppose -62 = 5*v - 67, -d = -5*v - 39. Calculate the remainder when 103 is divided by d.
15
Let t(c) = -c**3 - 22*c**2 - 22*c - 7. Let h = -116 + 42. Let u = -19 - h. What is the remainder when u is divided by t(-21)?
13
Let q(d) = -d**2 - 35*d - 199. Calculate the remainder when q(-26) is divided by 31.
4
Suppose 0*n = 2*n + 3*d - 25, 0 = 3*n + 5*d - 39. Let i(l) = -2*l - 6. Let r = -10 - -5. Calculate the remainder when n is divided by i(r).
0
Suppose -148 = 31*u - 520. Calculate the remainder when 42 is divided by u.
6
Let d be -8 + 7 + 2*2. Suppose 5*u = 62 + d. Calculate the remainder when 37 is divided by u.
11
Suppose 3*t - 5*t = 4. Suppose 2*c - 156 = 4*s, -184*s = -185*s - 8. Calculate the remainder when c is divided by (-3)/t*64/6.
14
Let m(w) = 7*w**2 - 89*w + 1. What is the remainder when m(14) is divided by 17?
8
Suppose 2*s + 66 = 8*s. Calculate the remainder when ((-2)/4)/((-5)/2060) is divided by s.
8
Let y(u) = -549*u - 50. Calculate the remainder when y(-2) is divided by 10.
8
Let l(h) = 37*h - 511. What is the remainder when l(20) is divided by 68?
25
Suppose -3*p - 41 = -4*f, -5*f - 5*p - 4 = -29. Let j = 64 + -40. Suppose -5*t = -1 - j. What is the remainder when f is divided by t?
3
Suppose -3*o + 15 = 4*i + 17, -2*o = -4*i - 12. Suppose 15 = g + 2*x + 2, 6 = -2*g + 4*x. Calculate the remainder when g is divided by o.
1
Let b(j) = j**2 + j. Let u be b(-2). Suppose -t = 4*x - 139, u*t + 4*x - 215 = 43. What is the remainder when t is divided by 20?
19
What is the remainder when 203 is divided by (-14 - -12) + 106*3/6?
50
Suppose -1049 = -49*n - 314. Let z = 181 + -127. Calculate the remainder when z is divided by n.
9
Let t = -194 - -206. Let z(c) = c**3 + 6*c**2 - 7*c - 2. Calculate the remainder when z(-5) is divided by t.
10
Let p = 2371 - 2363. Suppose -284 = -5*z - 89. What is the remainder when z is divided by p?
7
What is the remainder when 196 is divided by (3 + -5 - -3) + 2?
1
Let x = -124 + 168. What is the remainder when 126 is divided by x?
38
Suppose 149 + 1611 = 20*z. What is the remainder when z is divided by 25?
13
Suppose 3*j - 3 = 3. Let f(q) = 8*q**2 + 3*q + 0*q**2 - q**2 + 0*q**j. Calculate the remainder when f(-3) is divided by 14.
12
Let q = 10 + 108. Suppose g = -2*z - 2*z + 40, -4*g + 5*z = -q. What is the remainder when g is divided by 18?
14
Suppose -5*u + w + 56 = 5*w, -4*w + 16 = 0. Suppose 455 = -u*q + 3*q. Let p = -62 - q. What is the remainder when p is divided by 16?
13
Let l(t) = 106*t + 98*t - 207*t + 3 + t**2. Calculate the remainder when 60 is divided by l(-4).
29
Suppose -4*g + 2*s + 348 = 0, 2*s = -4*g + 278 + 62. Suppose -g = -2*c - z, 2*c + 152 = 6*c - 3*z. What is the remainder when c is divided by 14?
13
Suppose -t + 2 + 7 = 4*y, -5*y = 3*t - 6. Suppose m = i - 99, 493 = -i + 6*i - y*m. Let z = 12 + i. Calculate the remainder when z is divided by 28.
26
Suppose -5*v - m + 18 + 7 = 0, -2*m = -v - 6. Suppose -5*x + 121 = -0*d - v*d, -2*d = 8. What is the remainder when 27 is divided by (-2)/(((-3)/x)/1)?
13
Suppose -206 = -5*s + 744. Let k = s + -83. Let v = k + -55. Calculate the remainder when v is divided by 19.
14
Let a = 443 + -331. What is the remainder when 670 is divided by a?
110
Suppose 0 = 3*l + 155 - 869. Calculate the remainder when l is divided by 80.
78
Let p(s) = s**2 + 21*s + 12. What is the remainder when 60 is divided by p(-22)?
26
Let d(f) = 6*f**3 - 3*f**2 + 17*f - 105. What is the remainder when d(5) is divided by 41?
40
Let h be 4 - -5 - (2/(-2) - -4). Suppose 0 = -h*p + 3*p + 39. What is the remainder when p is divided by 5?
3
Suppose -7 + 50 = 3*w + u, 2*u + 19 = w. Suppose -5*m + 86 = t, 0 = 2*t + m + m - 132. Suppose -3*d + 26 + t = 0. What is the remainder when d is divided by w?
14
What is the remainder when ((-4147)/(-58))/((-2)/(-16)) is divided by 115?
112
Let f(k) = 2*k**2 - 5*k - 3. Let h be f(3). Suppose -41 = -5*g + 4*y - 0*y, h = -5*y - 20. Let m = -13 - -22. What is the remainder when m is divided by g?
4
Let p = 162 + -139. What is the remainder when (-1)/(2 - (-85)/(-42)) is divided by p?
19
Suppose -4 - 11 = -5*t. Let r(w) = w**3 + 2*w**2 - 5*w - 3. Calculate the remainder when r(-3) is divided by t.
0
Let y(z) = -6*z - 8. Let p = 30 + -33. Calculate the remainder when 58 is divided by y(p).
8
Let k = -126 + 303. What is the remainder when k is divided by 20?
17
Let s = -23 + 28. Suppose -6*l + 4*l - 34 = s*v, -2 = l. Let p(g) = -10*g + 2. What is the remainder when p(v) is divided by 32?
30
Suppose -35*j + 31*j = -408. Calculate the remainder when j is divided by 32.
6
Let p = 0 - -3. Suppose -5*m = -p*g + 153, 121 = 2*g + 2*m + m. What is the remainder when g is divided by 20?
16
Suppose d = -0*u + 3*u + 3, 12 = 4*d. Let n be u + 1*(-1 + 0). Calculate the remainder when n/5 + 3128/40 is divided by 20.
18
Suppose -c = -101 + 77. What is the remainder when 84 is divided by c?
12
Let k(h) = -4*h + 67. What is the remainder when 48 is divided by k(10)?
21
Let g = 178 - 127. Suppose g = 6*i - 21. Calculate the remainder when i is divided by 7.
5
Suppose 5*c = c + 44. Let a(b) = -b**3 + 3*b**2 - 2. Let i be a(2). Suppose -f - 3*f + 20 = -4*q, -i*q = -2. What is the remainder when c is divided by f?
5
Suppose 5 = -3*p - q + 383, -504 = -4*p - q. Suppose -p = 4*u - 438. Calculate the remainder when u is divided by 40.
38
Suppose 126 = 16*n - 466. Calculate the remainder when 102 is divided by n.
28
Let a = 1231 - 1213. What is the remainder when 118 is divided by a?
10
Suppose 2*s = -5*s + 7. Suppose 0 = -2*x + 2*r + 60, -4*r = x - 4 - s. What is the remainder when x is divided by 13?
12
Suppose 130 = 5*p + 5*j, -49*p + 127 = -44*p + 4*j. Suppose 143 - 969 = -5*i + f, -2*f = 2. Let z = i - 75. Calculate the remainder when z is divided by p.
21
Suppose -3 = 2*l - 15. Let w(a) = 11*a - 19. Let b(f) = -9*f - 3. What is the remainder when w(l) is divided by b(-3)?
23
Let r = -22 + 28. Suppose 5*o - f = -0*f - r, o + f + 6 = 0. Let j = o + 12. Calculate the remainder when j is divided by 3.
1
Suppose 0 = 432*r - 444*r + 1584. What is the remainder when r is divided by 7?
6
Let u be (1/(-2))/(2/(-4)). Let c = u + 1. What is the remainder when (8/(-12))/(2/(-18)) is divided by c?
0
What is the remainder when 12 is divided by (-2)/(-8) + 21/(-4) + 10?
2
Suppose 2*m - 37 = -4*q + 25, -5*m + 2*q = -131. Suppose 3*s - 69 = -16*k + 12*k, 5*k + 2*s = 81. What is the remainder when m is divided by k?
12
Suppose -3*y + 5*h + 161 = 0, -4*h - h = 20. Suppose -2*k = -n - 364, 3*n + 2*n + 910 = 5*k. Calculate the remainder when k is divided by y.
41
Let r = 561 + -436. What is the remainder when r is divided by 4?
1
Let b = 164 + -126. What is the remainder when b is divided by ((-16)/5)/((-8)/20)?
6
Suppose 134 = -7*g + 162. Calculate the remainder when 29 is divided by g.
1
Suppose -41*f = 309 - 5926. Calculate the remainder when f is divided by 49.
39
Suppose -p + 264 = 2*p. Let i be 20/(-35) - p/(-7). Calculate the remainder when 95 is divided by i/4*(-32)/(-6).
15
Let q(f) = 4*f**2 - 3*f - 1. Calculate the remainder when q(-9) is divided by 16.
14
Suppose -10*r + 7*r = -186. Suppose 2*g = 5*g + 4*o - r, o + 70 = 4*g. Calculate the remainder when 125 is divided by g.
17
What is the remainder when 252 is divided by -4 + 436/18 - (-2)/(-9)?
12
Suppose 48 = -8*g + 6*g. Let f = g - -30. What is the remainder when f is divided by 2?
0
Let v(k) = 38*k - 341. Let s = 159 - 82. Calculate the remainder when s is divided by v(10).
38
Let x = 33 - 39. Calculate the remainder when 35 is divided by x/(14/6 - 3).
8
Suppose -16*b + 2*w = -17*b + 1315, 0 = -5*w - 10. What is the remainder when b is divided by 147?
143
Let t = -149 - -183. Calculate the remainder when 369 is divided by t.
29
Suppose 2*a - 5*c - 50 = 0, -3*a - 3*c + 2 + 52 = 0. Let n = 6 + -1. Suppose 0 = n*y - 65 - a. Calculate the remainder when 33 is divided by y.
16
Suppose 82 = 2*j - 2*r, r = 2*j - 82 + 2. Calculate the remainder when j is divided by 4/6 - ((-1830)/9)/10.
18
Let p be -3*(28/(-6) - 33/(-11)). What is the remainder